(h) = h**3 + 29*h**2 - 24*h + 184. What is g(u)?
4
Let q(u) be the first derivative of u**6/120 + u**5/12 + u**4/6 - 2*u**3/3 - 7*u**2 - u + 69. Let w(x) be the second derivative of q(x). Give w(-4).
-4
Suppose -b - 2 = 5*z - 40, -6*z + 5*b + 89 = 0. Let f(y) = -9*y - 15. What is f(z)?
-96
Let m = -707 + 864. Let f be 9/(-33) + m/11. Let v(k) = -k**2 + 14*k - 3. What is v(f)?
-3
Let h(u) = u**2 + 24*u + 111. Let k(z) = 4*z**2 + 94*z + 442. Let b(t) = 9*h(t) - 2*k(t). Calculate b(-23).
0
Let u(o) = -o**3 - 7*o**2 - 8*o - 8. Let n(m) = -m**3 - 17*m**2 - 65*m + 5. Let i be n(-11). Give u(i).
4
Let g(f) be the third derivative of f**6/8 + f**5/60 - f**4/24 + f**3/6 + 947*f**2. Give g(1).
16
Let x be ((-1 + 16)*9)/(6/(-4)). Let c be x/(-12) - (-4)/8. Let h(v) be the first derivative of -v**2/2 + 3*v - 2. What is h(c)?
-5
Let o(u) = 25*u + 73. Let t(q) = 29*q + 70. Let r(g) = -6*o(g) + 5*t(g). Calculate r(-16).
-8
Let q(s) = 21*s - 187. Let u(i) = i**3 + 5*i**2 - 29*i - 31. Let f be u(-8). Calculate q(f).
2
Suppose -123*n - 171*n + 253*n + 410 = 0. Let a(t) be the first derivative of -t**4/4 + 11*t**3/3 - 5*t**2 + 3*t - 1. Give a(n).
3
Let y(n) = n**2 + 21*n - 20. Let u be y(-22). Let v(q) = -2*q**2 + q**u + 9*q - 19*q - 8. Give v(-9).
1
Let g(a) = -59*a + 481. Let w(z) = 44*z - 374. Let o(c) = 7*g(c) + 9*w(c). Calculate o(3).
-50
Let f(o) = 43*o**3 + o**2 + o + 1. Let n be f(-1). Let l = 52 + n. Suppose 9*u - l*u + 6 = 0. Let r(d) = d - 12. Determine r(u).
-6
Let x(z) = 4*z**2 - 2*z - 5. Let i be x(4). Let n(f) = -f**2 - 22. Let v be n(-6). Let j = v + i. Let s(h) = h**3 + 6*h**2 - 6*h - 2. What is s(j)?
-9
Let b(f) = -11*f - 1. Let p be 2214/90 + 4/10. Let x(g) = 2*g - 40. Let m be x(p). Let n be 1/((-35)/m)*7. Calculate b(n).
21
Let b(k) be the second derivative of k**3/2 + 3*k**2/2 + 11*k. Suppose -6 = h - 5*o - 32, -2*o = 8. Let z(x) = x**3 - 6*x**2 + 4. Let j be z(h). Calculate b(j).
15
Let m(u) be the first derivative of u**4/4 + 14*u**3/3 - u**2 - 34*u - 94. Calculate m(-14).
-6
Let y(q) = q - 6. Let a = 120 - 72. Suppose -a = -2*g + 6*g. Let t(u) = u**2 + 13*u + 12. Let o be t(g). What is y(o)?
-6
Let z(h) = h**2 - 5*h - 2. Let g be 2*1*(-165)/(-10). Suppose 2*r = g - 9. Suppose 0 = -r*t + 10 + 38. Give z(t).
-6
Let n = 54 + -52. Suppose k + 10 = -5*s - 0*s, -4*s = 2*k + n. Let h(r) be the second derivative of r**5/20 + r**4/3 + r**3/6 + r**2 - 12*r. Calculate h(s).
8
Let t(c) be the second derivative of c**5/20 - c**4/2 + c**3/2 + 5*c**2/2 - c. Let v(a) = 391*a - 34012. Let u be v(87). Calculate t(u).
-5
Let a(l) = -l**2 - 8*l - 4. Let t(d) = 9*d**2 + 7*d + 0*d**2 - 4*d**2 - 6 - 3. Let o be t(2). Let f = o - 31. Determine a(f).
8
Let v(d) = -d - 3. Let n(o) = 3*o + 66. Let w be n(-20). Let i be (-99)/15 - (-2)/(20/w). Calculate v(i).
3
Let w(u) = 8*u + 9*u - 18*u + 13*u**2 + u**3 - 14. Let c be w(-13). Let l(y) be the first derivative of -4*y**3/3 + y**2 + y + 1. What is l(c)?
-5
Let s(w) be the first derivative of -w**2/2 - 9*w + 841. Give s(-29).
20
Let a(l) = l**2 + 7. Let s be a(0). Let t(n) = -n - 14. Let j(d) = -2*d - 27. Let q(h) = s*t(h) - 4*j(h). Determine q(-10).
0
Suppose t + 2*w + 30 = 0, -w + 2*w = -5*t - 159. Let j be 6/(-4)*t/24. Suppose -3*f - 4*r - 12 = 0, j*r - r = 0. Let d(q) = q**2 + 5*q - 3. Determine d(f).
-7
Let i(j) = j**2 - 14*j + 1. Let k(o) = -2*o**3 + 13*o**2 - 2*o - 2. Let f(c) = i(c) + k(c). Calculate f(4).
31
Let t(j) be the first derivative of -j**5/60 + 11*j**4/24 - 2*j**3/3 - 219*j + 277. Let z(r) be the third derivative of t(r). Determine z(7).
-3
Let k(n) = n**2 + 2*n**3 + 2*n - 2*n**3 - n**3 + 1. Suppose 0 = -41*t + 1888 + 1269. Let x be 8/14 + 110/t. Give k(x).
1
Let s(u) = -18*u + 124. Let v be s(6). Suppose 4*n = -l - 0*l - v, -12 = -l + 3*n. Let t(a) = a**2 - 5. What is t(l)?
-5
Let n(a) = -14*a + 15. Let j(g) = -59*g + 59. Let t(x) = 2*j(x) - 9*n(x). Let v(s) = 7*s - 14. Let d(m) = 5*t(m) - 6*v(m). Calculate d(-3).
5
Let t(p) = p**2 - 15*p + 30. Let k be t(3). Let z(i) = -i**3 - 5*i**2 - 2*i - 9. Determine z(k).
39
Let m(v) = -53*v - 10. Let u(f) = -294*f - 51. Let a(h) = 11*m(h) - 2*u(h). Determine a(6).
22
Let m(t) = t**2 - t + 3. Let d be (-42)/(-2)*((-36)/28 + -3). Let n be 18/d - (-3 + 1)/10. Calculate m(n).
3
Let m(h) = -h**2 + 122*h - 3653. Let u be m(52). Let b(w) = w**2 + 12*w - 22. Give b(u).
-9
Let l(k) = -k**2 + 76*k + 2658. Let r be l(-26). Let d(v) = v**2 - 12*v + 12. What is d(r)?
-24
Let m = 6 + -3. Suppose 0 = c + 4*q - 12, -5*c + 96 = m*q + 2. Let n be (-5)/c*-4*-1. Let h(x) = 6*x**2 - 1. What is h(n)?
5
Let p(b) = 3*b**2 - 30*b - 27. Let x be p(11). Let k(j) = 37*j - 33*j - j**3 + 0*j**2 - 7 + 2*j**2 + 4*j**2. What is k(x)?
17
Let r(q) be the second derivative of q**3/6 - 5*q**2/2 - 119*q. Let g be ((-6)/15)/(1/(-5)). Suppose 4*i = g*k - 10 - 2, 3*k + 6 = 0. What is r(i)?
-9
Let v(d) be the first derivative of -4*d**3/3 + 9*d**2/2 - 15*d + 4221. What is v(2)?
-13
Let n(w) be the third derivative of -1/60*w**5 + 0*w + 0 + 107*w**2 + 1/12*w**4 - 1/6*w**3 + 1/12*w**6. Determine n(1).
10
Suppose -10*m + 20*m = -10. Let d be ((0/1)/(13 + -11))/m. Let q(j) = -j + 5. What is q(d)?
5
Let s(f) = -2*f - 80*f**2 + 3078 - 6153 + 4*f + 3076. Give s(-1).
-81
Let c(m) = m**2 - 3*m + 6. Suppose -4*f + 3*h = -204, -2*h + 3*h - 4 = 0. Suppose f = -12*p + 21*p. Calculate c(p).
24
Let f(y) = -y**2 - 9*y + 32. Let m be f(-11). Suppose -67 = -m*q + 3. Let d(b) be the second derivative of b**3/3 - 4*b**2 + b. Determine d(q).
6
Let l = -6 + 8. Suppose -l*w + 6*w = -24. Let r(b) = 9*b**2 + 13*b - 3. Let j(m) = 5*m**2 + 7*m - 2. Let u(t) = w*r(t) + 11*j(t). Give u(0).
-4
Let z(s) = 25*s**2 + 3*s - 4. Suppose 0 = 2*c + p + 2, -252*p = c - 247*p + 19. Calculate z(c).
24
Let j(t) = 2*t**2 - 2*t - 1. Let y(q) = -2*q**2 - 10*q - 8. Let d(l) = -4*j(l) + y(l). Give d(3).
-100
Let d(t) = -t**2 - 6*t + 6. Suppose 28 = -2*i - 12. Let m = i + 21. Let z be 4/(-4)*7/m. What is d(z)?
-1
Let n(k) = 7*k**2 + 51*k - 140*k + 20 + 66*k. Let o(s) = -15*s**2 + 48*s - 41. Let q(i) = -13*n(i) - 6*o(i). Calculate q(9).
4
Let d(o) = o**3 + 6*o**2 + 3*o + 8. Suppose -4*j - 3*j - 150 = 18*j. What is d(j)?
-10
Let t be (-2)/(-8) + (-1)/4. Let w(n) = -n**2 - 897 - 7*n**3 + 1798 - 6*n + 5*n - 923 + 8*n**3. Determine w(t).
-22
Let m = 1262 - 1259. Let f(d) be the second derivative of 2/3*d**m + 7/2*d**2 - 14*d - 1/12*d**4 + 0. Give f(5).
2
Let i(x) = 20*x - 19*x - 4 + 2*x**2 - x**2 + 0*x**2. Let c(z) = z**2 - 5*z + 4. Let t be c(4). Give i(t).
-4
Let d be 14/4*(-24)/(-42). Let y be (d/(-3))/(6/(-27)). Let l(j) = j**3 - j**2. Let a(o) = 2*o**3 - 3*o**2 - 2*o - 3. Let g(k) = -a(k) + l(k). Calculate g(y).
0
Let d(q) be the third derivative of -q**5/60 - q**4/6 + q**3/3 + 37*q**2 - 4. Let r(f) = -f**3 - 10*f**2 + 2*f + 14. Let h be r(-10). Calculate d(h).
-10
Let j = 3688 + -3703. Let t(o) = -o**2 - 13*o + 37. Determine t(j).
7
Let c(r) = -7114*r + 3563*r - 53 + 3581*r. Give c(2).
7
Let d = 3 + -1. Let s(b) = b**2 - b - 1. Let w be (-1 + -1)*7/7. Let v(u) = 2*u**3 - 4*u - 1. Let r(q) = w*s(q) + v(q). Determine r(d).
5
Let p = -192 - -202. Let c(n) = p*n**2 + 20*n**2 - 31*n**2 + 4*n - 3. Suppose 3*z + 14 = 5*z. Give c(z).
-24
Let v(o) = -2*o**2 - 14*o + 337. Let h = 6311 - 6301. Determine v(h).
-3
Let y(b) be the first derivative of -17*b**2/2 + 117*b - 274. Determine y(7).
-2
Let d(m) = -m**3 + 6*m**2 + 8*m - 2. Let u = 108 + -52. Let y be u/10 + (-14)/(-35). Let q be 5 - (-7)/(21/y). Calculate d(q).
5
Let f(r) = -r**3 - 8*r**2 - 9*r - 9. Suppose -2*x - 4*q + 68 = 0, -21*q + 16*q = -15. Let m(o) = -4*o + 106. Let j be m(x). Determine f(j).
-27
Let i(j) = -8 - 4*j**3 + 147*j - 15*j - 43*j**2 + 3*j**3 - 27*j**2 + 71*j**2. Give i(12).
-8
Let u(y) = y**3 + 6*y**2 + 5*y - 1. Let s = 1849 + -1855. Calculate u(s).
-31
Suppose -7*s - 1691 = 437. Let d = s - -298. Let j(y) = -y**2 - 3*y + 13. What is j(d)?
-5
Suppose -2*d + 8 = 0, 3*m - 5*d = -32 - 0. Let g(i) be the third derivative of i**5/60 + i**4/8 + 5*i**3/6 + 7*i**2 - 84*i. What is g(m)?
9
Let u = -12264 + 12252. Let c(a) = a**3 + 10*a**2 - 25*a + 25. Give c(u).
37
Let q(t) = t - 3. Let m be q(0). Let s(x) be the first derivative of -5*x**2/2 + 3*x + 1612. Calculate s(m).
18
Let t(o) = 